
-5586
Let w(o) = -8*o**2 - 222*o + 1182. What is w(-47)?
-6056
Let d(k) = 45*k**2 - 2766*k - 126. Determine d(61).
-1407
Let v(t) = -540200*t - 3241199. Give v(-6).
1
Let c(q) = -q**2 + 1897*q + 37954. What is c(-20)?
-386
Let m(c) = 8*c**3 + 33*c**2 - 417*c - 2353. Calculate m(-6).
-391
Let z(t) = t**3 - 404*t**2 + 1626*t - 103. What is z(4)?
1
Let y(z) = 14*z**3 - 166*z**2 - 58*z + 400. Determine y(12).
-8
Let p(v) = 129*v**3 + 8*v**2 - 5*v - 32. What is p(-2)?
-1022
Let m(d) = -11*d**2 - 425*d + 888. Give m(2).
-6
Let y(l) = l**3 - 25*l**2 - 240*l + 4728. Calculate y(28).
360
Let z(v) = -18*v**3 + 3*v**2 - 6*v + 7. What is z(3)?
-470
Let v(q) = q**3 + 3*q**2 + 41273*q + 289109. What is v(-7)?
2
Let u(r) = -19550*r + 39648. Calculate u(2).
548
Let a(q) = 4*q**3 + 16*q**2 - 8*q + 67. Calculate a(-5).
7
Let b(l) = 351*l + 17907. Determine b(-51).
6
Let y(j) = -714552*j + 1429101. Determine y(2).
-3
Let h(w) = -548*w - 7822. Determine h(-17).
1494
Let r(l) = -3*l**3 - 124*l**2 - 1049*l + 9. What is r(-12)?
-75
Let n(i) = 2*i**3 + 888*i**2 + 5263*i + 3070. Calculate n(-438).
4
Let o(j) = 482314*j + 964648. Calculate o(-2).
20
Let r(f) = -f**3 + 32*f**2 + 31*f + 445. Calculate r(33).
379
Let o(j) = -2938*j - 520035. Give o(-177).
-9
Let u(k) = 2*k**2 + 17319*k - 1046343. What is u(60)?
-3
Let k(l) = 479*l - 4861. Give k(10).
-71
Let k(v) = 296*v + 60087. Give k(-203).
-1
Let w(i) = 4*i**3 - 935*i**2 + 12912*i + 1989. Give w(219).
18
Let f(k) = 13*k**2 - 1323*k + 21900. What is f(81)?
30
Let j(q) = 5*q**3 - 455*q**2 - 1910*q + 459. Give j(95).
-491
Let s(k) = k**3 - 12*k**2 - 173*k + 2103. Calculate s(14).
73
Let f(s) = 9*s**3 - 4*s**2 + 20*s - 15. Determine f(5).
1110
Let i(b) = -5*b**2 - 37690*b - 75376. Give i(-2).
-16
Let f(n) = 23*n + 975. Give f(-73).
-704
Let h(l) = -l**3 + 91*l**2 - 2075*l + 25. Calculate h(43).
-448
Let u(n) = -297*n**3 - 2955*n**2 + 119*n - 290. Determine u(-10).
20
Let r(w) = w**3 - 67*w**2 + 863*w - 8683. Calculate r(54).
11
Let j(d) = 2083*d - 131223. Give j(63).
6
Let j(v) = -6*v**2 - 84122*v - 84129. Give j(-1).
-13
Let y(t) = -6*t**3 - 89*t**2 - 107*t - 1974. Calculate y(-15).
-144
Let t(k) = 52*k**2 + 253*k + 176. Calculate t(-4).
-4
Let i(k) = -2*k**2 - 53856*k - 484613. What is i(-9)?
-71
Let g(w) = -w**2 - 12*w - 511. Determine g(0).
-511
Let c(b) = 1577224*b - 36276149. Calculate c(23).
3
Let b(y) = -3129*y + 21701. Give b(7).
-202
Let n(x) = -14*x**2 - 260*x + 264. Give n(1).
-10
Let a(m) = 12*m**2 + 25*m - 49. Determine a(8).
919
Let q(d) = -2893*d - 26029. Determine q(-9).
8
Let m(p) = -14237*p - 14327. Calculate m(-1).
-90
Let q(z) = -1835*z + 77101. What is q(42)?
31
Let q(x) = 5*x**3 - 40*x**2 - 800*x + 6834. What is q(9)?
39
Let c(f) = -35*f**3 - 32*f**2 - 3*f - 1. Determine c(2).
-415
Let b(h) = -24*h**2 - 15686*h - 9132. Calculate b(-653).
10
Let w(y) = 3964*y - 773008. What is w(195)?
-28
Let h(a) = -2*a**2 + 794*a + 2964244. What is h(1432)?
4
Let r(z) = z**2 - 2574*z + 146122. Determine r(58).
194
Let t(y) = -5481*y - 15966. What is t(-3)?
477
Let m(o) = 7*o**3 - 48*o**2 + 197*o - 272. Determine m(7).
1156
Let o(x) = -75*x - 11663. Give o(-155).
-38
Let v(m) = -m**2 - 646*m - 87018. Give v(-455).
-113
Let w(l) = 6*l**2 + 996*l - 12. Calculate w(-166).
-12
Let w(h) = -505*h - 120045. Give w(-239).
650
Let a(p) = -27*p**2 - 67*p - 160. Determine a(-6).
-730
Let h(b) = -258*b + 5508. Give h(34).
-3264
Let k(w) = -2*w**3 - 151*w**2 - 2744*w - 48. Give k(-45).
-93
Let j(x) = -1183*x**2 - 14210*x - 177. Give j(-12).
-9
Let m(x) = 2*x**3 + 128*x**2 + 204*x + 4935. Determine m(-63).
21
Let w(m) = -5*m**3 - 213*m**2 + 1955*m + 120. Calculate w(8).
-432
Let w(a) = -5834*a - 47492. What is w(-8)?
-820
Let k(x) = -11*x**2 + 275*x - 3188. Determine k(11).
-1494
Let m(c) = -c**3 + 516*c**2 + 19277*c - 282. Determine m(-35).
-2
Let u(x) = -609*x**2 + 6114*x + 144. Give u(10).
384
Let k(o) = -3*o**2 - 37826*o + 302596. Determine k(8).
-204
Let c(u) = -u - 716. Calculate c(-36).
-680
Let k(g) = -547956*g - 1643862. Give k(-3).
6
Let s(t) = -46*t + 4439. Determine s(85).
529
Let y(x) = -2*x**3 + 103*x**2 + 362*x - 16146. Calculate y(52).
-26
Let l(p) = 16*p**2 - 640*p - 781. What is l(41)?
-125
Let d(g) = 2*g**2 + 297*g + 4827. Calculate d(-127).
-634
Let x(p) = -62952*p - 314758. Calculate x(-5).
2
Let g(s) = -3*s**2 + 831*s + 166853. Determine g(-135).
-7
Let t(a) = 3295*a - 896253. Give t(272).
-13
Let m(g) = -63*g**2 + 243*g + 20. Determine m(5).
-340
Let f(m) = 4*m**2 - 1514*m + 114187. Determine f(104).
-5
Let z(d) = -d**3 - 24*d**2 + 622*d + 13569. Calculate z(-23).
-1266
Let q(o) = -o**3 + 12*o**2 - 6*o - 91. Give q(8).
117
Let p(u) = -399*u - 12094. What is p(-39)?
3467
Let n(d) = 6*d**3 - 220*d**2 - 57*d - 850. Determine n(37).
-221
Let y(m) = 4637*m**3 - 23183*m**2 - 51*m + 211. Give y(5).
6
Let r(c) = -228*c + 1845. Give r(9).
-207
Let j(m) = 15*m**3 - 10*m**2 + 152*m + 732. What is j(-4)?
-996
Let r(b) = 89665*b - 3407243. Give r(38).
27
Let a(l) = -l**3 - 14*l**2 + 4170*l + 66182. Calculate a(-16).
-26
Let r(f) = -f**3 - 148*f**2 + 1890*f - 4243. What is r(9)?
50
Let w(c) = 145601*c - 1019310. Determine w(7).
-103
Let n(z) = 126165*z - 26494652. Determine n(210).
-2
Let h(v) = -v**3 + 189*v**2 - 1511*v + 9452. Calculate h(181).
-1951
Let q(b) = 60*b**2 - 307*b - 188. Determine q(7).
603
Let q(j) = -j**3 - 218*j**2 - 2755*j + 20565. What is q(-204)?
-39
Let x(r) = 147*r + 19671. Calculate x(-128).
855
Let l(r) = -143*r + 21409. Calculate l(150).
-41
Let u(p) = 2*p**2 - 225552*p + 225549. Calculate u(1).
-1
Let q(x) = x**3 + 59*x**2 + 116*x + 684. What is q(-57)?
570
Let i(f) = -f**3 + 23*f**2 + 551*f - 13058. What is i(24)?
-410
Let r(k) = 89170*k + 12127109. What is r(-136)?
-11
Let o(a) = -15*a**3 - 5764*a**2 + 5763*a + 2. Give o(1).
-14
Let c(r) = r**3 + 16*r**2 - 139*r + 237. Determine c(8).
661
Let r(y) = 1254*y - 76549. What is r(60)?
-1309
Let p(h) = -1242*h - 16051. What is p(-15)?
2579
Let l(p) = 13*p**3 + 208*p**2 - 235*p - 243. What is l(-17)?
-5
Let i(o) = -3223*o + 35431. What is i(11)?
-22
Let h(g) = g**2 - 273*g + 10461. Determine h(46).
19
Let v(n) = 635*n**3 + 217802*n**2 - 1025*n + 1377. Give v(-343).
5
Let i(m) = -9639*m - 530132. Determine i(-55).
13
Let v(z) = -z**2 - 158*z + 14866. What is v(-225)?
-209
Let z(x) = x**3 - 3*x**2 - 74*x - 18. What is z(10)?
-58
Let x(q) = 2*q**3 + 35*q**2 + 125*q + 3463. Calculate x(-20).
-1037
Let y(m) = 7*m**2 - 5529*m + 21982. Calculate y(4).
-22
Let s(n) = n**3 + 93*n**2 - 201*n - 31. Give s(-95).
1014
Let j(f) = 22*f**2 + 3013*f + 11. What is j(0)?
11
Let c(h) = -1724*h + 21543. Give c(12).
855
Let q(v) = -235*v**2 - 15499*v + 350. Determine q(-66).
-376
Let i(a) = 32*a**3 + 69*a**2 + 173*a - 11. Calculate i(-3).
-773
Let c(a) = 3910*a + 39022. Calculate c(-10).
-78
Let v(y) = -2874*y + 83907. Determine v(29).
561
Let m(p) = -50*p**2 - 4418*p + 8833. What is m(2)?
-203
Let s(d) = 4*d**2 + 4788*d + 1071591. Give s(-298).
-17
Let f(r) = 159235*r - 318594. Calculate f(2).
-124
Let a(j) = -j**2 - 8112*j + 515018. Determine a(63).
-7
Let m(i) = 7425*i - 47781. Give m(7).
4194
Let y(c) = 220*c**2 - 1974*c - 45. Give y(9).
9
Let j(a) = -5715*a + 165727. What is j(29)?
-8
Let y(z) = 6*z**2 + 152*z - 4225. Give y(-42).
-25
Let c(h) = -h**3 - 9*h**2 + 34*h + 517. Determine c(-11).
385
Let g(f) = 480*f**2 - 9583*f - 27. Give g(20).
313
Let o(x) = 4*x**3 - 13*x**2 + 31*x + 348. What is o(-4)?
-240
Let g(c) = 2*c**3 - 217*c**2 + 5844*c + 820. Determine g(58).
8
Let o(y) = -123485*y - 1111338. Determine o(-9).
27
Let y(n) = 23*n**2 + 136*n - 23349. What is y(-35)?
66
Let r(q) = 3*q**2 - 448153*q + 2240685. Calculate r(5).
-5
Let h(r) = 3*r**2 + 61752*r - 1669489. What is h(27)?
2
Let o(w) = -w**3 - 25*w**2 - 139*w + 33. Calculate o(-9).
-12
Let j(c) = -2608*c**2 + 39138*c + 64. What is j(15)?
334
Let l(o) = 2*o**3 + 1013*o**2 + 6431*o - 34471. Calculate l(-500).
29
Let n(w) = -94*w**2 + 2755*w - 649. Calculate n(29).
192
Let l(f) = -f**3 - 24*f**2 + 12*f + 212. Determine l(-24).
-76
Let y(j) = -3*j**2 - 44*j + 58355. What is y(-147)?
-4
Let l(s) = -1245*s**2 + 57272*s - 84. Calculate l(46).
8
Let x(q) = 54*q - 4521. Give x(72).
-633
Let r(b) = 2786*b + 